ulate the remainder when 17999173 is divided by 3256.
5
What is the remainder when 37209 is divided by 12188?
645
What is the remainder when 3873452 is divided by 1679?
1678
Calculate the remainder when 1392816 is divided by 3781.
1408
What is the remainder when 39130 is divided by 35853?
3277
Calculate the remainder when 479973 is divided by 173.
71
Calculate the remainder when 32513175 is divided by 108.
99
Calculate the remainder when 10501858 is divided by 328.
282
Calculate the remainder when 2213363 is divided by 79034.
411
Calculate the remainder when 629293 is divided by 190.
13
What is the remainder when 25947746 is divided by 1863?
1745
Calculate the remainder when 24873 is divided by 580.
513
Calculate the remainder when 53462 is divided by 6671.
94
Calculate the remainder when 14688943 is divided by 734447.
3
Calculate the remainder when 170684737 is divided by 3966.
3961
What is the remainder when 2943715 is divided by 4038?
13
What is the remainder when 414423004 is divided by 3551?
3549
What is the remainder when 598079 is divided by 197702?
4973
What is the remainder when 16224766 is divided by 1002?
382
What is the remainder when 3057519 is divided by 20?
19
What is the remainder when 230211 is divided by 3774?
3771
What is the remainder when 1989073 is divided by 101?
80
What is the remainder when 425438 is divided by 22388?
66
What is the remainder when 9846811 is divided by 149?
146
What is the remainder when 3188847 is divided by 354313?
30
Calculate the remainder when 8288 is divided by 393.
35
What is the remainder when 77508 is divided by 5138?
438
Calculate the remainder when 729398 is divided by 729369.
29
What is the remainder when 276225 is divided by 122?
17
Calculate the remainder when 14458658 is divided by 51.
5
What is the remainder when 33069421 is divided by 10302?
1
What is the remainder when 45692261 is divided by 1134?
1133
What is the remainder when 1480516 is divided by 164501?
7
What is the remainder when 1602150 is divided by 533862?
564
What is the remainder when 748100908 is divided by 17?
13
What is the remainder when 24132284 is divided by 24132284?
0
What is the remainder when 1481133 is divided by 107?
39
Calculate the remainder when 585258 is divided by 1397.
1312
Calculate the remainder when 325552 is divided by 162645.
262
What is the remainder when 372949 is divided by 718?
307
Calculate the remainder when 1463518483 is divided by 2145.
2143
What is the remainder when 6385015 is divided by 212?
211
Calculate the remainder when 322954 is divided by 79683.
4222
What is the remainder when 6657441 is divided by 1664356?
17
Calculate the remainder when 1339737 is divided by 334920.
57
Calculate the remainder when 3662785 is divided by 7.
0
Calculate the remainder when 1022403 is divided by 19.
13
Calculate the remainder when 312048 is divided by 16.
0
What is the remainder when 173877 is divided by 13125?
3252
Calculate the remainder when 22686660 is divided by 324095.
10
What is the remainder when 1363247 is divided by 85164?
623
Calculate the remainder when 1269631 is divided by 84553.
1336
What is the remainder when 720975 is divided by 243?
237
What is the remainder when 146403678 is divided by 126?
120
Calculate the remainder when 1088609 is divided by 4407.
80
What is the remainder when 803978 is divided by 160792?
18
Calculate the remainder when 10230315 is divided by 2161.
141
Calculate the remainder when 4537780 is divided by 54.
52
Calculate the remainder when 32415766 is divided by 32415750.
16
What is the remainder when 286451 is divided by 18904?
2891
Calculate the remainder when 182086877 is divided by 61.
47
Calculate the remainder when 45840 is divided by 739.
22
What is the remainder when 590601 is divided by 607?
597
What is the remainder when 4214796 is divided by 1053695?
16
Calculate the remainder when 37442 is divided by 3.
2
What is the remainder when 8738034 is divided by 37183?
29
Calculate the remainder when 5305463 is divided by 1768486.
5
Calculate the remainder when 1985470 is divided by 70.
60
What is the remainder when 694133 is divided by 1138?
1091
What is the remainder when 168804 is divided by 289?
28
What is the remainder when 51194769 is divided by 3938056?
41
What is the remainder when 483677 is divided by 10284?
329
What is the remainder when 1179971 is divided by 392547?
2330
Calculate the remainder when 3256148 is divided by 2879.
2878
What is the remainder when 2397165 is divided by 172?
1
What is the remainder when 4214817 is divided by 39026?
9
Calculate the remainder when 3812794 is divided by 373.
361
What is the remainder when 79289 is divided by 8796?
125
What is the remainder when 540471 is divided by 540460?
11
What is the remainder when 8414563 is divided by 30?
13
What is the remainder when 193640 is divided by 2485?
2295
What is the remainder when 400652 is divided by 133498?
158
Calculate the remainder when 25185271 is divided by 357.
349
Calculate the remainder when 565773276 is divided by 1310.
1306
What is the remainder when 11752112 is divided by 163?
138
Calculate the remainder when 28749 is divided by 2439.
1920
What is the remainder when 2548770 is divided by 283135?
555
What is the remainder when 6529169 is divided by 839?
71
Calculate the remainder when 1937131 is divided by 12.
7
What is the remainder when 176631 is divided by 3463?
18
What is the remainder when 5135795 is divided by 993?
992
Calculate the remainder when 3247266 is divided by 408.
402
Calculate the remainder when 10282643 is divided by 29.
26
Calculate the remainder when 1082778 is divided by 263.
7
Calculate the remainder when 153242 is divided by 3559.
205
Calculate the remainder when 88429 is divided by 4445.
3974
Calculate the remainder when 365792355 is divided by 1225.
5
Calculate the remainder when 9343894 is divided by 17.
14
Calculate the remainder when 1022916 is divided by 606.
594
What is the remainder when 3061370 is divided by 612135?
695
What is the remainder when 8809675 is divided by 338?
43
Calculate the remainder when 3371371 is divided by 3371040.
331
What is the remainder when 38336458 is divided by 29?
24
What is the remainder when 8166411 is divided by 202?
157
Calculate the remainder when 90739 is divided by 548.
319
Calculate the remainder when 9842035 is divided by 2612.
19
What is the remainder when 234443 is divided by 6676?
783
What is the remainder when 248441 is divided by 27?
14
Calculate the remainder when 181927 is divided by 125.
52
What is the remainder when 911648 is divided by 107?
8
Calculate the remainder when 747451796 is divided by 725.
721
What is the remainder when 2213759 is divided by 6049?
5874
Calculate the remainder when 38328861 is divided by 42.
39
What is the remainder when 3191801 is divided by 101?
100
Calculate the remainder when 30429063 is divided by 200191.
31
What is the remainder when 111153078 is divided by 46?
12
What is the remainder when 3412222 is divided by 64?
62
What is the remainder when 18287537 is divided by 44?
37
Calculate the remainder when 265991217 is divided by 55.
52
What is the remainder when 4599919 is divided by 521?
10
What is the remainder when 247750 is divided by 82517?
199
Calculate the remainder when 22483666 is divided by 31.
17
Calculate the remainder when 484867 is divided by 2051.
831
Calculate the remainder when 26606 is divided by 743.
601
Calculate the remainder when 70743374 is divided by 135.
134
What is the remainder when 28000 is divided by 1225?
1050
What is the remainder when 14714895 is divided by 210?
195
What is the remainder when 14049969 is divided by 172?
149
Calculate the remainder when 41101 is divided by 3912.
1981
What is the remainder when 231011300 is divided by 18?
2
Calculate the remainder when 4362650 is divided by 56655.
215
Calculate the remainder when 37889 is divided by 5971.
2063
What is the remainder when 24690 is divided by 11928?
834
What is the remainder when 1089269 is divided by 9636?
401
Calculate the remainder when 452866 is divided by 150929.
79
Calculate the remainder when 156850 is divided by 9.
7
What is the remainder when 667234 is divided by 140?
134
What is the remainder when 30798046 is divided by 1209?
1189
Calculate the remaind